{"id":32,"date":"2012-01-20T13:50:13","date_gmt":"2012-01-20T13:50:13","guid":{"rendered":"http:\/\/processualis.com\/association-processualis\/?page_id=32"},"modified":"2024-11-06T18:41:55","modified_gmt":"2024-11-06T17:41:55","slug":"les-professeurs","status":"publish","type":"page","link":"https:\/\/processualis.com\/association-processualis\/les-professeurs\/","title":{"rendered":"Les professeurs"},"content":{"rendered":"<ul>\n<li>Madame H\u00e9l\u00e8ne TOURARD, Ma\u00eetre de conf\u00e9rences &#8211; Contentieux de l&rsquo;UE<\/li>\n<li>Monsieur Nicolas GERBAY, Ma\u00eetre de conf\u00e9rences HDR \u2013 Th\u00e9orie et pratique de l&rsquo;appel et de la cassation en mati\u00e8re civile &#8211; Contentieux social<\/li>\n<li>Madame St\u00e9phanie GRAYOT-DIRX, Professeur \u2013 Proc\u00e9dure civile approfondie &#8211; Droit processuel &#8211; Pratique des\u00a0modes amiables de r\u00e8glement des conflits &#8211; M\u00e9thodologie du m\u00e9moire<\/li>\n<li>Monsieur Alexis Mages, Professeur \u2013 Grands enjeux de la Justice<\/li>\n<li>Monsieur Walter JEAN-BAPTISTE, Ma\u00eetre de conf\u00e9rences &#8211; Justice civile des mineurs<\/li>\n<li>Monsieur Yan LAIDIE, Professeur &#8211; Proc\u00e9dure administrative approfondie<\/li>\n<li>Madame Fanny MALHIERE, Ma\u00eetre de conf\u00e9rences &#8211; Contentieux constitutionnel<\/li>\n<li>Madame G\u00e9raldine MAUGAIN, Ma\u00eetre de conf\u00e9rences \u2013 Proc\u00e9dure civile approfondie &#8211; Modes amiables et alternatifs de r\u00e8glement des litiges<\/li>\n<li>Madame Claire SOURZAT, Ma\u00eetre de conf\u00e9rences \u2013 Justice p\u00e9nale des mineurs<\/li>\n<li>Monsieur Philippe WINCKEL &#8211; Professeur d&rsquo;anglais<\/li>\n<li>Madame Val\u00e9rie WITTMANN, Ma\u00eetre de conf\u00e9rences &#8211; Proc\u00e9dure civile approfondie<\/li>\n<li>Madame C\u00e9cile CHAUSSARD, Ma\u00eetre de conf\u00e9rences &#8211; \u00a0Proc\u00e9dure administrative approfondie<\/li>\n<li>Madame Nathalie DROIN, Ma\u00eetre de conf\u00e9rences &#8211; Contentieux de la CEDH<\/li>\n<li>Etc..<\/li>\n<\/ul>\n","protected":false},"excerpt":{"rendered":"<p>Madame H\u00e9l\u00e8ne TOURARD, Ma\u00eetre de conf\u00e9rences &#8211; Contentieux de l&rsquo;UE Monsieur Nicolas GERBAY, Ma\u00eetre de conf\u00e9rences HDR \u2013 Th\u00e9orie et<\/p>\n","protected":false},"author":1,"featured_media":0,"parent":0,"menu_order":0,"comment_status":"closed","ping_status":"closed","template":"","meta":{"footnotes":""},"class_list":["post-32","page","type-page","status-publish","hentry"],"_links":{"self":[{"href":"https:\/\/processualis.com\/association-processualis\/wp-json\/wp\/v2\/pages\/32"}],"collection":[{"href":"https:\/\/processualis.com\/association-processualis\/wp-json\/wp\/v2\/pages"}],"about":[{"href":"https:\/\/processualis.com\/association-processualis\/wp-json\/wp\/v2\/types\/page"}],"author":[{"embeddable":true,"href":"https:\/\/processualis.com\/association-processualis\/wp-json\/wp\/v2\/users\/1"}],"replies":[{"embeddable":true,"href":"https:\/\/processualis.com\/association-processualis\/wp-json\/wp\/v2\/comments?post=32"}],"version-history":[{"count":28,"href":"https:\/\/processualis.com\/association-processualis\/wp-json\/wp\/v2\/pages\/32\/revisions"}],"predecessor-version":[{"id":2586,"href":"https:\/\/processualis.com\/association-processualis\/wp-json\/wp\/v2\/pages\/32\/revisions\/2586"}],"wp:attachment":[{"href":"https:\/\/processualis.com\/association-processualis\/wp-json\/wp\/v2\/media?parent=32"}],"curies":[{"name":"wp","href":"https:\/\/api.w.org\/{rel}","templated":true}]}}