{"id":2536,"date":"2024-11-04T14:03:26","date_gmt":"2024-11-04T13:03:26","guid":{"rendered":"https:\/\/processualis.com\/association-processualis\/?page_id=2536"},"modified":"2024-11-06T18:33:58","modified_gmt":"2024-11-06T17:33:58","slug":"promotion-2024-2025","status":"publish","type":"page","link":"https:\/\/processualis.com\/association-processualis\/les-promotions\/promotion-2024-2025-2\/promotion-2024-2025\/","title":{"rendered":"Promotion 2024\/2025"},"content":{"rendered":"<p><a href=\"https:\/\/processualis.com\/association-processualis\/promotion-2024-2025\/59633a60-6d8c-4b2a-bcb4-60c56e7aca1c\/\" rel=\"attachment wp-att-2537\"><img loading=\"lazy\" decoding=\"async\" class=\"aligncenter size-full wp-image-2537\" src=\"https:\/\/processualis.com\/association-processualis\/wp-content\/uploads\/2024\/11\/59633a60-6d8c-4b2a-bcb4-60c56e7aca1c.jpeg\" alt=\"\" width=\"2048\" height=\"1536\" srcset=\"https:\/\/processualis.com\/association-processualis\/wp-content\/uploads\/2024\/11\/59633a60-6d8c-4b2a-bcb4-60c56e7aca1c.jpeg 2048w, https:\/\/processualis.com\/association-processualis\/wp-content\/uploads\/2024\/11\/59633a60-6d8c-4b2a-bcb4-60c56e7aca1c-300x225.jpeg 300w, https:\/\/processualis.com\/association-processualis\/wp-content\/uploads\/2024\/11\/59633a60-6d8c-4b2a-bcb4-60c56e7aca1c-1024x768.jpeg 1024w, https:\/\/processualis.com\/association-processualis\/wp-content\/uploads\/2024\/11\/59633a60-6d8c-4b2a-bcb4-60c56e7aca1c-768x576.jpeg 768w, https:\/\/processualis.com\/association-processualis\/wp-content\/uploads\/2024\/11\/59633a60-6d8c-4b2a-bcb4-60c56e7aca1c-1536x1152.jpeg 1536w\" sizes=\"(max-width: 2048px) 100vw, 2048px\" \/><\/a><\/p>\n<p>De gauche \u00e0 droite :<\/p>\n<p>Deuxi\u00e8me rang :<\/p>\n<p>Julia MUNOS; Anne-Lise VOILLEQUIN; Ilona CRAPOIX; Justine DESVIGNES; Garance SABRE; Kamelia BOUKANTAR.<\/p>\n<p>Premier rang :<\/p>\n<p>Louise GALICHON; Jeanne CL\u00c9MENT; Ana-Catarina PINTO; M\u00e9lanie DE-ASSUNCAO; Amadou Talo DIALLO; Marie LEROY; Valentine DURAND; L\u00e9a MANNESSIER; Berivan CELIK.<\/p>\n","protected":false},"excerpt":{"rendered":"<p>De gauche \u00e0 droite : Deuxi\u00e8me rang : Julia MUNOS; Anne-Lise VOILLEQUIN; Ilona CRAPOIX; Justine DESVIGNES; Garance SABRE; Kamelia BOUKANTAR.<\/p>\n","protected":false},"author":1,"featured_media":0,"parent":2547,"menu_order":1,"comment_status":"closed","ping_status":"closed","template":"page-templates\/page-builder.php","meta":{"footnotes":""},"class_list":["post-2536","page","type-page","status-publish","hentry"],"_links":{"self":[{"href":"https:\/\/processualis.com\/association-processualis\/wp-json\/wp\/v2\/pages\/2536"}],"collection":[{"href":"https:\/\/processualis.com\/association-processualis\/wp-json\/wp\/v2\/pages"}],"about":[{"href":"https:\/\/processualis.com\/association-processualis\/wp-json\/wp\/v2\/types\/page"}],"author":[{"embeddable":true,"href":"https:\/\/processualis.com\/association-processualis\/wp-json\/wp\/v2\/users\/1"}],"replies":[{"embeddable":true,"href":"https:\/\/processualis.com\/association-processualis\/wp-json\/wp\/v2\/comments?post=2536"}],"version-history":[{"count":3,"href":"https:\/\/processualis.com\/association-processualis\/wp-json\/wp\/v2\/pages\/2536\/revisions"}],"predecessor-version":[{"id":2543,"href":"https:\/\/processualis.com\/association-processualis\/wp-json\/wp\/v2\/pages\/2536\/revisions\/2543"}],"up":[{"embeddable":true,"href":"https:\/\/processualis.com\/association-processualis\/wp-json\/wp\/v2\/pages\/2547"}],"wp:attachment":[{"href":"https:\/\/processualis.com\/association-processualis\/wp-json\/wp\/v2\/media?parent=2536"}],"curies":[{"name":"wp","href":"https:\/\/api.w.org\/{rel}","templated":true}]}}