{"id":1915,"date":"2020-11-18T15:38:20","date_gmt":"2020-11-18T14:38:20","guid":{"rendered":"http:\/\/processualis.com\/association-processualis\/?page_id=1915"},"modified":"2020-11-18T17:02:05","modified_gmt":"2020-11-18T16:02:05","slug":"remise-de-diplomes-de-la-promotion-feral-schuhl","status":"publish","type":"page","link":"https:\/\/processualis.com\/association-processualis\/remise-de-diplomes-de-la-promotion-feral-schuhl\/","title":{"rendered":"Remise de dipl\u00f4mes de la Promotion F\u00c9RAL-SCHUHL"},"content":{"rendered":"<div class=\"page\" title=\"Page 6\">\n<div class=\"section\">\n<div class=\"layoutArea\">\n<div class=\"column\">\n<p style=\"text-align: justify;\">\u00ab Je pense que pour une premi\u00e8re nous avons r\u00e9ussi quelque chose d\u2019extraordinaire \u00bb. Ce sont\u00a0les mots forts qui ont \u00e9t\u00e9 employ\u00e9s par C\u00e9cile CASEAU-ROCHE, co-directrice du Master Droit processuel, pour qualifier cette soir\u00e9e de remise des dipl\u00f4mes de la promotion sortante 2019-2020, parrain\u00e9e par Madame F\u00c9RAL-SCHUHL, et de rentr\u00e9e officielle de la promotion 2020-2021, parrain\u00e9e par Monsieur NEYRET.<\/p>\n<\/div>\n<\/div>\n<\/div>\n<div class=\"section\" style=\"text-align: justify;\">\n<div class=\"layoutArea\">\n<div class=\"column\">\n<p>Cette soir\u00e9e, plac\u00e9e sous le signe de l\u2019adaptabilit\u00e9 et du num\u00e9rique, a permis de d\u00e9montrer la t\u00e9nacit\u00e9 des co-directrices ainsi que des \u00e9tudiants dans leur volont\u00e9 de continuer \u00e0 organiser autant que possible les \u00e9v\u00e9nements importants rythmant la vie du Master, malgr\u00e9 les situations que nous connaissons tous. Une t\u00e9nacit\u00e9 qui a fait preuve de r\u00e9ussite tant \u00e9taient nombreux les professionnels et grands noms du monde judiciaire lors de cette c\u00e9r\u00e9monie qui rev\u00eat une importance particuli\u00e8re. Ont notamment \u00e9t\u00e9 pr\u00e9sents Monsieur THOMAS, Pr\u00e9sident de l\u2019Universit\u00e9 de Bourgogne, Monsieur MAGES, Doyen de l\u2019Universit\u00e9 Droit et Sciences \u00c9conomique et Politique, Monsieur BENEY, Procureur g\u00e9n\u00e9ral pr\u00e8s la Cour d\u2019appel de Montpellier, Monsieur NEYRET, directeur de Cabinet de Laurent FABIUS au Conseil constitutionnel, Ma\u00eetre CREUSVAUX, B\u00e2tonnier de l\u2019ordre des avocats de Dijon, Ma\u00eetres CATTANEO et DE MAGNEVAL, avocates au barreau de Dijon, et bien d\u2019autres encore. Et pour cela nous remercions profond\u00e9ment nos co-directrices ainsi que tous les intervenants.<\/p>\n<div class=\"page\" title=\"Page 6\">\n<div class=\"page\" title=\"Page 6\">\n<div class=\"page\" title=\"Page 6\">Loin de se r\u00e9sumer \u00e0 un simple encha\u00eenement de discours, cette soir\u00e9e f\u00fbt rythm\u00e9e par des vid\u00e9os\u00a0de la nouvelle promotion, tr\u00e8s investie dans sa pr\u00e9paration, ainsi que par une vid\u00e9o souvenir pr\u00e9sent\u00e9e par la promotion sortante.<\/div>\n<\/div>\n<\/div>\n<\/div>\n<\/div>\n<div title=\"Page 6\">\n<div class=\"page\" title=\"Page 7\">\n<div class=\"section\">\n<div class=\"layoutArea\">\n<div class=\"column\">\n<p>Elle f\u00fbt \u00e9galement l\u2019occasion pour la promotion F\u00c9RAL-SCHUHL d\u2019\u00eatre f\u00e9licit\u00e9e et encourag\u00e9e dans leur avenir professionnel par le Pr\u00e9sident de l\u2019Universit\u00e9 de Bourgogne ainsi que par le Doyen de la Facult\u00e9 de droit. Ils ont pu \u00e9galement, comme il est de tradition, recevoir, pour les heureux \u00e9lus, les prix d\u00e9cern\u00e9s par les diff\u00e9rents intervenants. Cela s\u2019est alors cl\u00f4tur\u00e9 par l\u2019ouverture de colis confectionn\u00e9s par les \u00e9tudiants entrants dans lequel les anciens \u00e9tudiants ont pu y trouver des souvenirs de leur belle ann\u00e9e offerts par la promotion entrante, leur toque de fin d\u2019\u00e9tude ainsi que leur dipl\u00f4me les r\u00e9compensant de tous les efforts qu&rsquo;ils ont pu fournir lors de leur derni\u00e8re ann\u00e9e d\u2019\u00e9tudes et officialisant ainsi leur graduation de leur derni\u00e8re ann\u00e9e d\u2019\u00e9tude universitaire.<\/p>\n<div class=\"page\" title=\"Page 7\">\n<div class=\"section\">\n<div class=\"layoutArea\">\n<div class=\"column\">\n<p>Mais cette soir\u00e9e a \u00e9galement \u00e9t\u00e9 l\u2019occasion pour les \u00e9tudiants de la nouvelle promotion de faire connaissance de leur parrain. Un homme passionn\u00e9, par le droit et par la volont\u00e9 de transmettre son savoir au plus grande nombre, passionnant par son parcours admirable et inspirant pour de jeunes \u00e9tudiants en fin de cycle universitaire. Ses paroles ont \u00e9t\u00e9 sources de motivation et d\u2019inspiration pour l\u2019ensemble d\u2019entre nous et pour cela nous tenons \u00e0 l\u2019en remercier.<\/p>\n<\/div>\n<\/div>\n<\/div>\n<\/div>\n<\/div>\n<\/div>\n<\/div>\n<\/div>\n<\/div>\n<\/div>\n<div style=\"text-align: justify;\" title=\"Page 6\">\n<div class=\"page\" title=\"Page 7\">\n<div class=\"layoutArea\">\n<div class=\"column\">\n<p>Enfin, pour reprendre les mots de Monsieur le Procureur g\u00e9n\u00e9ral BENEY, cette soir\u00e9e f\u00fbt une exp\u00e9rience \u00ab historique \u00bb \u00e0 renouveler.<\/p>\n<\/div>\n<\/div>\n<\/div>\n<\/div>\n<\/div>\n<p><a href=\"https:\/\/processualis.com\/association-processualis\/remise-de-diplomes-de-la-promotion-feral-schuhl\/121292060_2419725698172980_1913409473182358184_o\/\" rel=\"attachment wp-att-2010\"><img loading=\"lazy\" decoding=\"async\" class=\"aligncenter  wp-image-2010\" src=\"https:\/\/processualis.com\/association-processualis\/wp-content\/uploads\/2020\/11\/121292060_2419725698172980_1913409473182358184_o-300x186.png\" alt=\"\" width=\"429\" height=\"266\" srcset=\"https:\/\/processualis.com\/association-processualis\/wp-content\/uploads\/2020\/11\/121292060_2419725698172980_1913409473182358184_o-300x186.png 300w, https:\/\/processualis.com\/association-processualis\/wp-content\/uploads\/2020\/11\/121292060_2419725698172980_1913409473182358184_o-768x476.png 768w, https:\/\/processualis.com\/association-processualis\/wp-content\/uploads\/2020\/11\/121292060_2419725698172980_1913409473182358184_o-1024x635.png 1024w, https:\/\/processualis.com\/association-processualis\/wp-content\/uploads\/2020\/11\/121292060_2419725698172980_1913409473182358184_o.png 1248w\" sizes=\"(max-width: 429px) 100vw, 429px\" \/><\/a><\/p>\n<p><a href=\"https:\/\/processualis.com\/association-processualis\/remise-de-diplomes-de-la-promotion-feral-schuhl\/121165542_2419725768172973_8229606964985906353_o\/\" rel=\"attachment wp-att-2009\"><img loading=\"lazy\" decoding=\"async\" class=\"aligncenter  wp-image-2009\" src=\"https:\/\/processualis.com\/association-processualis\/wp-content\/uploads\/2020\/11\/121165542_2419725768172973_8229606964985906353_o-300x169.jpg\" alt=\"\" width=\"429\" height=\"241\" srcset=\"https:\/\/processualis.com\/association-processualis\/wp-content\/uploads\/2020\/11\/121165542_2419725768172973_8229606964985906353_o-300x169.jpg 300w, https:\/\/processualis.com\/association-processualis\/wp-content\/uploads\/2020\/11\/121165542_2419725768172973_8229606964985906353_o-768x432.jpg 768w, https:\/\/processualis.com\/association-processualis\/wp-content\/uploads\/2020\/11\/121165542_2419725768172973_8229606964985906353_o-1024x576.jpg 1024w, https:\/\/processualis.com\/association-processualis\/wp-content\/uploads\/2020\/11\/121165542_2419725768172973_8229606964985906353_o.jpg 1920w\" sizes=\"(max-width: 429px) 100vw, 429px\" \/><\/a><\/p>\n","protected":false},"excerpt":{"rendered":"<p>\u00ab Je pense que pour une premi\u00e8re nous avons r\u00e9ussi quelque chose d\u2019extraordinaire \u00bb. Ce sont\u00a0les mots forts qui ont<\/p>\n","protected":false},"author":1,"featured_media":0,"parent":0,"menu_order":0,"comment_status":"closed","ping_status":"closed","template":"","meta":{"footnotes":""},"class_list":["post-1915","page","type-page","status-publish","hentry"],"_links":{"self":[{"href":"https:\/\/processualis.com\/association-processualis\/wp-json\/wp\/v2\/pages\/1915"}],"collection":[{"href":"https:\/\/processualis.com\/association-processualis\/wp-json\/wp\/v2\/pages"}],"about":[{"href":"https:\/\/processualis.com\/association-processualis\/wp-json\/wp\/v2\/types\/page"}],"author":[{"embeddable":true,"href":"https:\/\/processualis.com\/association-processualis\/wp-json\/wp\/v2\/users\/1"}],"replies":[{"embeddable":true,"href":"https:\/\/processualis.com\/association-processualis\/wp-json\/wp\/v2\/comments?post=1915"}],"version-history":[{"count":5,"href":"https:\/\/processualis.com\/association-processualis\/wp-json\/wp\/v2\/pages\/1915\/revisions"}],"predecessor-version":[{"id":2011,"href":"https:\/\/processualis.com\/association-processualis\/wp-json\/wp\/v2\/pages\/1915\/revisions\/2011"}],"wp:attachment":[{"href":"https:\/\/processualis.com\/association-processualis\/wp-json\/wp\/v2\/media?parent=1915"}],"curies":[{"name":"wp","href":"https:\/\/api.w.org\/{rel}","templated":true}]}}