{"id":1883,"date":"2020-11-18T14:55:02","date_gmt":"2020-11-18T13:55:02","guid":{"rendered":"http:\/\/processualis.com\/association-processualis\/?page_id=1883"},"modified":"2025-10-13T12:35:52","modified_gmt":"2025-10-13T10:35:52","slug":"cine-debat-novembre-2020","status":"publish","type":"page","link":"https:\/\/processualis.com\/association-processualis\/anciens-cine-debat\/cine-debat-novembre-2020\/","title":{"rendered":"Cin\u00e9-d\u00e9bat Novembre 2020"},"content":{"rendered":"<p style=\"text-align: justify;\"><b>CIN\u00c9-D\u00c9BAP\u00c9RO<\/b><\/p>\n<p style=\"text-align: justify;\">Cette ann\u00e9e est plac\u00e9e sous le signe de l\u2019adaptabilit\u00e9\u00a0; en voil\u00e0 encore un exemple. Apr\u00e8s \u00eatre parvenu, malgr\u00e9 les contraintes dues \u00e0 la situation sanitaire que connait notre pays et les distances, \u00e0 organiser une c\u00e9r\u00e9monie de remise des prix virtuelle, il appartenait \u00e0 la promotion NEYRET du Master 2 Droit processuel de relever un nouveau d\u00e9fi technique\u00a0: adapter l\u2019\u00e9v\u00e8nement du Cin\u00e9-D\u00e9bat, une autre activit\u00e9 traditionnelle du Master, et le rendre virtuel et accessible \u00e0 tous en ligne. C\u2019est alors qu\u2019est n\u00e9 le concept du Cin\u00e9-d\u00e9bap\u00e9ro.<\/p>\n<p style=\"text-align: justify;\">L\u2019ensemble des intervenants, Monsieur Laurent NEYRET, Directeur de cabinet du Pr\u00e9sident du Conseil constitutionnel et parrain de la promotion, Monsieur Jean-Marie BENEY, Procureur g\u00e9n\u00e9ral pr\u00e8s la Cour d\u2019appel de Montpellier, Monsieur Philippe WINCKEL, Professeur d\u2019anglais \u00e0 l\u2019Universit\u00e9 de Bourgogne mais aussi toute personne ayant souhait\u00e9es assister \u00e0 l\u2019\u00e9v\u00e8nement, ont \u00e9t\u00e9 invit\u00e9s \u00e0 se connecter gratuitement le jeudi 19 novembre \u00e0 19h30 sur l\u2019application de communication collaborative Microsoft Teams. Accueillis par la promotion NEYRET et Madame C\u00e9cile CASEAU-ROCHE, Ma\u00eetre de conf\u00e9rences \u00e0 l\u2019Universit\u00e9 de Bourgogne, Co-directrice du Master et Ma\u00eetresse de c\u00e9r\u00e9monie, les participants ont ensuite pu assister \u00e0 la diffusion du documentaire RBG \u2013 Ruth BADER GINSBURG.<\/p>\n<p style=\"text-align: justify;\">Ce documentaire en date du 10 octobre 2018, et r\u00e9alis\u00e9 par Betsy WEST et Julie COHEN, retrace avec pr\u00e9cision et humour le parcours de Ruth Bader Ginsburg, ancienne juge \u00e0 la Cour Supr\u00eame des Etats-Unis d\u2019Am\u00e9rique, qui nous a quitt\u00e9 le 18 septembre 2020. Ic\u00f4ne am\u00e9ricaine, deuxi\u00e8me femme nomm\u00e9e \u00e0 la plus haute juridiction f\u00e9d\u00e9rale et symbole d\u2019un mouvement r\u00e9solument lib\u00e9ral, Ruth BADER GINSBURG \u00e9tait devenue un v\u00e9ritable symbole pour les \u00c9tats-Unis, mais aussi pour le monde. Cette c\u00e9r\u00e9monie a \u00e9galement \u00e9t\u00e9 notre fa\u00e7on de lui rendre hommage.<\/p>\n<p style=\"text-align: justify;\">\u00c0 l\u2019issue de la diffusion, les participants ont \u00e9t\u00e9 invit\u00e9 \u00e0 prendre part \u00e0 un d\u00e9bat avec nos trois invit\u00e9s, orchestr\u00e9 par notre Ma\u00eetresse de c\u00e9r\u00e9monie. De nombreuses questions et th\u00e9matiques ont ainsi pu \u00eatre soulev\u00e9es\u00a0: le fonctionnement de la Cour Supr\u00eame, sa place dans le syst\u00e8me am\u00e9ricain, son influence sur la sc\u00e8ne internationale, la nomination \u00e0 vie de ses membres en comparaison avec la nomination \u00e0 vie des membres de droit au Conseil constitutionnel, mais aussi plus largement la place de la femme dans les hautes fonctions juridiques en France comme en Am\u00e9rique. Apr\u00e8s une heure de d\u00e9bat et d\u2019\u00e9change tr\u00e8s enrichissante, l\u2019\u00e9v\u00e8nement a \u00e9t\u00e9 cl\u00f4tur\u00e9.<\/p>\n<p style=\"text-align: justify;\">Avec pr\u00e8s de 80 participants connect\u00e9s simultan\u00e9ment et de nombreux retours positifs de la part des invit\u00e9s, il peut d\u00e9j\u00e0 \u00eatre affirm\u00e9 que cette premi\u00e8re \u00e9dition du Cin\u00e9-d\u00e9bap\u00e9ro a \u00e9t\u00e9 une v\u00e9ritable r\u00e9ussite, et appelle d\u00e9j\u00e0 \u00e0 l\u2019organisation d\u2019une deuxi\u00e8me \u00e9dition. Restez attentifs et connect\u00e9s aux actualit\u00e9s de l\u2019Association Processualis pour pouvoir \u00eatre pr\u00e9sents lors de futures prouesses techniques\u00a0!<\/p>\n<p style=\"text-align: justify;\"><a href=\"https:\/\/processualis.com\/association-processualis\/cine-debat-novembre-2020\/125958734_287288696007517_596557408649096970_n\/\" rel=\"attachment wp-att-2052\"><img loading=\"lazy\" decoding=\"async\" class=\" wp-image-2052 alignleft\" src=\"https:\/\/processualis.com\/association-processualis\/wp-content\/uploads\/2020\/12\/125958734_287288696007517_596557408649096970_n-300x177.png\" alt=\"\" width=\"347\" height=\"205\" srcset=\"https:\/\/processualis.com\/association-processualis\/wp-content\/uploads\/2020\/12\/125958734_287288696007517_596557408649096970_n-300x177.png 300w, https:\/\/processualis.com\/association-processualis\/wp-content\/uploads\/2020\/12\/125958734_287288696007517_596557408649096970_n-1024x606.png 1024w, https:\/\/processualis.com\/association-processualis\/wp-content\/uploads\/2020\/12\/125958734_287288696007517_596557408649096970_n-768x454.png 768w, https:\/\/processualis.com\/association-processualis\/wp-content\/uploads\/2020\/12\/125958734_287288696007517_596557408649096970_n-1536x908.png 1536w, https:\/\/processualis.com\/association-processualis\/wp-content\/uploads\/2020\/12\/125958734_287288696007517_596557408649096970_n-2048x1211.png 2048w\" sizes=\"(max-width: 347px) 100vw, 347px\" \/><\/a><a href=\"https:\/\/processualis.com\/association-processualis\/cine-debat-novembre-2020\/126436971_433627891364612_620486022440297318_n\/\" rel=\"attachment wp-att-2054\"><img loading=\"lazy\" decoding=\"async\" class=\" wp-image-2054 alignright\" src=\"https:\/\/processualis.com\/association-processualis\/wp-content\/uploads\/2020\/12\/126436971_433627891364612_620486022440297318_n-300x201.png\" alt=\"\" width=\"315\" height=\"211\" srcset=\"https:\/\/processualis.com\/association-processualis\/wp-content\/uploads\/2020\/12\/126436971_433627891364612_620486022440297318_n-300x201.png 300w, https:\/\/processualis.com\/association-processualis\/wp-content\/uploads\/2020\/12\/126436971_433627891364612_620486022440297318_n-1024x686.png 1024w, https:\/\/processualis.com\/association-processualis\/wp-content\/uploads\/2020\/12\/126436971_433627891364612_620486022440297318_n-768x515.png 768w, https:\/\/processualis.com\/association-processualis\/wp-content\/uploads\/2020\/12\/126436971_433627891364612_620486022440297318_n-1536x1029.png 1536w, https:\/\/processualis.com\/association-processualis\/wp-content\/uploads\/2020\/12\/126436971_433627891364612_620486022440297318_n.png 1734w\" sizes=\"(max-width: 315px) 100vw, 315px\" \/><\/a><a href=\"https:\/\/processualis.com\/association-processualis\/cine-debat-novembre-2020\/126061800_700710730848953_5250098921681383611_n\/\" rel=\"attachment wp-att-2055\"><img loading=\"lazy\" decoding=\"async\" class=\"wp-image-2055 alignleft\" src=\"https:\/\/processualis.com\/association-processualis\/wp-content\/uploads\/2020\/12\/126061800_700710730848953_5250098921681383611_n-300x158.png\" alt=\"\" width=\"379\" height=\"200\" srcset=\"https:\/\/processualis.com\/association-processualis\/wp-content\/uploads\/2020\/12\/126061800_700710730848953_5250098921681383611_n-300x158.png 300w, https:\/\/processualis.com\/association-processualis\/wp-content\/uploads\/2020\/12\/126061800_700710730848953_5250098921681383611_n-1024x540.png 1024w, https:\/\/processualis.com\/association-processualis\/wp-content\/uploads\/2020\/12\/126061800_700710730848953_5250098921681383611_n-768x405.png 768w, https:\/\/processualis.com\/association-processualis\/wp-content\/uploads\/2020\/12\/126061800_700710730848953_5250098921681383611_n-1536x811.png 1536w, https:\/\/processualis.com\/association-processualis\/wp-content\/uploads\/2020\/12\/126061800_700710730848953_5250098921681383611_n-2048x1081.png 2048w, https:\/\/processualis.com\/association-processualis\/wp-content\/uploads\/2020\/12\/126061800_700710730848953_5250098921681383611_n-390x205.png 390w\" sizes=\"(max-width: 379px) 100vw, 379px\" \/><\/a><a href=\"https:\/\/processualis.com\/association-processualis\/cine-debat-novembre-2020\/126282787_764985584085078_2362370012950610501_n\/\" rel=\"attachment wp-att-2051\"><img loading=\"lazy\" decoding=\"async\" class=\" wp-image-2051 alignright\" src=\"https:\/\/processualis.com\/association-processualis\/wp-content\/uploads\/2020\/12\/126282787_764985584085078_2362370012950610501_n-300x214.png\" alt=\"\" width=\"307\" height=\"219\" srcset=\"https:\/\/processualis.com\/association-processualis\/wp-content\/uploads\/2020\/12\/126282787_764985584085078_2362370012950610501_n-300x214.png 300w, https:\/\/processualis.com\/association-processualis\/wp-content\/uploads\/2020\/12\/126282787_764985584085078_2362370012950610501_n-1024x730.png 1024w, https:\/\/processualis.com\/association-processualis\/wp-content\/uploads\/2020\/12\/126282787_764985584085078_2362370012950610501_n-768x548.png 768w, https:\/\/processualis.com\/association-processualis\/wp-content\/uploads\/2020\/12\/126282787_764985584085078_2362370012950610501_n-1536x1096.png 1536w, https:\/\/processualis.com\/association-processualis\/wp-content\/uploads\/2020\/12\/126282787_764985584085078_2362370012950610501_n.png 1604w\" sizes=\"(max-width: 307px) 100vw, 307px\" \/><\/a><\/p>\n<p>&nbsp;<\/p>\n<p>&nbsp;<\/p>\n<p>&nbsp;<\/p>\n<p>&nbsp;<\/p>\n<p>&nbsp;<\/p>\n<p>&nbsp;<\/p>\n<p>&nbsp;<\/p>\n<p>&nbsp;<\/p>\n","protected":false},"excerpt":{"rendered":"<p>CIN\u00c9-D\u00c9BAP\u00c9RO Cette ann\u00e9e est plac\u00e9e sous le signe de l\u2019adaptabilit\u00e9\u00a0; en voil\u00e0 encore un exemple. Apr\u00e8s \u00eatre parvenu, malgr\u00e9 les<\/p>\n","protected":false},"author":1,"featured_media":0,"parent":2804,"menu_order":0,"comment_status":"closed","ping_status":"closed","template":"","meta":{"footnotes":""},"class_list":["post-1883","page","type-page","status-publish","hentry"],"_links":{"self":[{"href":"https:\/\/processualis.com\/association-processualis\/wp-json\/wp\/v2\/pages\/1883"}],"collection":[{"href":"https:\/\/processualis.com\/association-processualis\/wp-json\/wp\/v2\/pages"}],"about":[{"href":"https:\/\/processualis.com\/association-processualis\/wp-json\/wp\/v2\/types\/page"}],"author":[{"embeddable":true,"href":"https:\/\/processualis.com\/association-processualis\/wp-json\/wp\/v2\/users\/1"}],"replies":[{"embeddable":true,"href":"https:\/\/processualis.com\/association-processualis\/wp-json\/wp\/v2\/comments?post=1883"}],"version-history":[{"count":4,"href":"https:\/\/processualis.com\/association-processualis\/wp-json\/wp\/v2\/pages\/1883\/revisions"}],"predecessor-version":[{"id":2056,"href":"https:\/\/processualis.com\/association-processualis\/wp-json\/wp\/v2\/pages\/1883\/revisions\/2056"}],"up":[{"embeddable":true,"href":"https:\/\/processualis.com\/association-processualis\/wp-json\/wp\/v2\/pages\/2804"}],"wp:attachment":[{"href":"https:\/\/processualis.com\/association-processualis\/wp-json\/wp\/v2\/media?parent=1883"}],"curies":[{"name":"wp","href":"https:\/\/api.w.org\/{rel}","templated":true}]}}