{"id":1556,"date":"2019-09-29T21:59:51","date_gmt":"2019-09-29T19:59:51","guid":{"rendered":"http:\/\/processualis.com\/association-processualis\/?page_id=1556"},"modified":"2025-09-28T12:10:23","modified_gmt":"2025-09-28T10:10:23","slug":"promotion-feral-schuhl-2020","status":"publish","type":"page","link":"https:\/\/processualis.com\/association-processualis\/anciennes-promotions\/promotion-feral-schuhl-2020\/","title":{"rendered":"Promotion F\u00c9RAL-SCHUHL 2020"},"content":{"rendered":"\r\n<p style=\"text-align: justify;\">Madame la pr\u00e9sidente du Conseil National des Barreaux (CNB), <strong>Christiane FERAL-SCHUHL<\/strong>, \u00a0nous fait l&rsquo;honneur d&rsquo;\u00eatre la marraine de la promotion 2019-2020.<\/p>\r\n\r\n\r\n\r\n<p style=\"text-align: justify;\">Int\u00e9grant le barreau de Paris en 1981, elle se sp\u00e9cialise en droit des nouvelles technologies et en droit de la propri\u00e9t\u00e9 intellectuelle. Elle exerce \u00e9galement les fonctions de m\u00e9diatrice, d&rsquo;arbitre, et de cyberarbitre.<\/p>\r\n\r\n\r\n\r\n<p style=\"text-align: justify;\">Successivement membre de la Commission des relations ext\u00e9rieures de l&rsquo;ordre des avocats de Paris, membre du Conseil d&rsquo;administration de la Caisse Autonome des R\u00e8glements P\u00e9cuniaires des Avocats (CARPA), membre du Comit\u00e9 de direction de la CARPA, membre du Conseil de l&rsquo;ordre des avocats, coordinatrice de la Commission des march\u00e9s \u00e9mergents et nouvelles technologies, pr\u00e9sidente de l&rsquo;Association pour le d\u00e9veloppement de l&rsquo;informatique juridique ; elle devient en 2010 la deuxi\u00e8me femme \u00e9lue b\u00e2tonnier de Paris. Elle est, depuis 2017, la premi\u00e8re femme \u00e0 pr\u00e9sider le Conseil national des barreaux (CNB), institution repr\u00e9sentative de la profession d&rsquo;avocat.<\/p>\r\n\r\n\r\n\r\n<p style=\"text-align: justify;\">La promotion 2019-2020 lui adresse toute sa reconnaissance.<\/p>\r\n\r\n\r\n\r\n<figure class=\"wp-block-image\" style=\"text-align: justify;\"><img loading=\"lazy\" decoding=\"async\" width=\"1024\" height=\"694\" class=\"wp-image-1599\" src=\"https:\/\/processualis.com\/association-processualis\/wp-content\/uploads\/2019\/12\/79205487_615563709188251_9214925756033925120_n-1024x694.jpg\" alt=\"\" srcset=\"https:\/\/processualis.com\/association-processualis\/wp-content\/uploads\/2019\/12\/79205487_615563709188251_9214925756033925120_n-1024x694.jpg 1024w, https:\/\/processualis.com\/association-processualis\/wp-content\/uploads\/2019\/12\/79205487_615563709188251_9214925756033925120_n-300x203.jpg 300w, https:\/\/processualis.com\/association-processualis\/wp-content\/uploads\/2019\/12\/79205487_615563709188251_9214925756033925120_n-768x520.jpg 768w\" sizes=\"(max-width: 1024px) 100vw, 1024px\" \/><\/figure>\r\n\r\n\r\n\r\n<p style=\"text-align: justify;\"><strong><span style=\"text-decoration: underline;\">De gauche \u00e0 droite<\/span><\/strong> : Alexia KIJANSKI, William GEORGEON, Sol\u00e8ne NONNIER, Marie MARTIN, Julien CAILLOT, Audrey LORIN, Melchior LABONNE-COLLIN, Margot MORALES, Maylis SCHILLER, Gauthier MEHL, Brahim BESSASSI, Max DUVERGER, Violette EYMOND, No\u00e9mie GAULTIER, Florian LOBO, Manon GOUDIARD, Z\u00e9lie BOURGEOIS, Gaetan DEVILLARD, Nina SORETTE, Johanna BURTIN, Pierre-Louis PERROT.<\/p>\r\n<p>&nbsp;<\/p>\r\n\r\n\r\n\r\n\r\n\r\n<h4 class=\"wp-block-heading\" style=\"text-align: center;\"><span style=\"font-size: 18pt;\"><strong>TROMBINOSCOPE DE LA PROMOTION<\/strong><\/span><\/h4>\r\n\r\n\r\n\r\n<figure class=\"wp-block-image\" style=\"text-align: justify;\"><img loading=\"lazy\" decoding=\"async\" width=\"724\" height=\"1024\" class=\"wp-image-1765 aligncenter\" src=\"https:\/\/processualis.com\/association-processualis\/wp-content\/uploads\/2020\/11\/p1-trombi-724x1024-1-724x1024.jpg\" alt=\"\" srcset=\"https:\/\/processualis.com\/association-processualis\/wp-content\/uploads\/2020\/11\/p1-trombi-724x1024-1.jpg 724w, https:\/\/processualis.com\/association-processualis\/wp-content\/uploads\/2020\/11\/p1-trombi-724x1024-1-212x300.jpg 212w\" sizes=\"(max-width: 724px) 100vw, 724px\" \/><\/figure>\r\n\r\n\r\n\r\n<figure class=\"wp-block-image\" style=\"text-align: justify;\"><img loading=\"lazy\" decoding=\"async\" width=\"724\" height=\"1024\" class=\"wp-image-1766 aligncenter\" src=\"https:\/\/processualis.com\/association-processualis\/wp-content\/uploads\/2020\/11\/trombi-p2-724x1024-1-724x1024.jpg\" alt=\"\" srcset=\"https:\/\/processualis.com\/association-processualis\/wp-content\/uploads\/2020\/11\/trombi-p2-724x1024-1.jpg 724w, https:\/\/processualis.com\/association-processualis\/wp-content\/uploads\/2020\/11\/trombi-p2-724x1024-1-212x300.jpg 212w\" sizes=\"(max-width: 724px) 100vw, 724px\" \/><\/figure>\r\n\r\n\r\n\r\n<p style=\"text-align: justify;\">\u00a0<\/p>\r\n\r\n\r\n\r\n<p style=\"text-align: justify;\">\u00a0<\/p>\r\n","protected":false},"excerpt":{"rendered":"<p>Madame la pr\u00e9sidente du Conseil National des Barreaux (CNB), Christiane FERAL-SCHUHL, \u00a0nous fait l&rsquo;honneur d&rsquo;\u00eatre la marraine de la promotion<\/p>\n","protected":false},"author":1,"featured_media":0,"parent":2066,"menu_order":0,"comment_status":"closed","ping_status":"closed","template":"","meta":{"footnotes":""},"class_list":["post-1556","page","type-page","status-publish","hentry"],"_links":{"self":[{"href":"https:\/\/processualis.com\/association-processualis\/wp-json\/wp\/v2\/pages\/1556"}],"collection":[{"href":"https:\/\/processualis.com\/association-processualis\/wp-json\/wp\/v2\/pages"}],"about":[{"href":"https:\/\/processualis.com\/association-processualis\/wp-json\/wp\/v2\/types\/page"}],"author":[{"embeddable":true,"href":"https:\/\/processualis.com\/association-processualis\/wp-json\/wp\/v2\/users\/1"}],"replies":[{"embeddable":true,"href":"https:\/\/processualis.com\/association-processualis\/wp-json\/wp\/v2\/comments?post=1556"}],"version-history":[{"count":12,"href":"https:\/\/processualis.com\/association-processualis\/wp-json\/wp\/v2\/pages\/1556\/revisions"}],"predecessor-version":[{"id":2734,"href":"https:\/\/processualis.com\/association-processualis\/wp-json\/wp\/v2\/pages\/1556\/revisions\/2734"}],"up":[{"embeddable":true,"href":"https:\/\/processualis.com\/association-processualis\/wp-json\/wp\/v2\/pages\/2066"}],"wp:attachment":[{"href":"https:\/\/processualis.com\/association-processualis\/wp-json\/wp\/v2\/media?parent=1556"}],"curies":[{"name":"wp","href":"https:\/\/api.w.org\/{rel}","templated":true}]}}