{"id":1369,"date":"2019-01-19T10:45:33","date_gmt":"2019-01-19T09:45:33","guid":{"rendered":"http:\/\/processualis.com\/association-processualis\/?page_id=1369"},"modified":"2020-12-13T17:47:11","modified_gmt":"2020-12-13T16:47:11","slug":"clinique-de-droit-et-de-mediation","status":"publish","type":"page","link":"https:\/\/processualis.com\/association-processualis\/clinique-de-droit-et-de-mediation\/","title":{"rendered":"Clinique de droit et de m\u00e9diation"},"content":{"rendered":"\r\n<div class=\"wp-block-image\" style=\"text-align: justify;\">\r\n<figure class=\"alignleft is-resized\"><img loading=\"lazy\" decoding=\"async\" class=\"wp-image-1370\" src=\"https:\/\/processualis.com\/association-processualis\/wp-content\/uploads\/2019\/01\/Image3-e1548064326168.png\" alt=\"\" width=\"365\" height=\"243\" \/><\/figure>\r\n<\/div>\r\n\r\n\r\n\r\n<p class=\"has-drop-cap\" style=\"font-size: 14px; text-align: justify;\">La <a href=\"http:\/\/ufr-dsep.u-bourgogne.fr\/clinique-droit-et-mediation.html?fbclid=IwAR2aAFXnoVqCJUMm3d2Y7XbwL7YapI36JkdFs0OyKjBGbsAv8H3HSe6yP4o\">Clinique du droit et de m\u00e9diation<\/a> a pour objectif de favoriser l&rsquo;acc\u00e8s gratuit du plus large public possible au Droit et \u00e0 la M\u00e9diation. Pour cela, la Clinique repose sur l&rsquo;engagement b\u00e9n\u00e9vole des \u00e9tudiants au service de la population. Ce service est donc offert \u00e0 tous, gratuitement, \u00e0 la seule exception des personnes d\u00e9j\u00e0 repr\u00e9sent\u00e9es ou conseill\u00e9es par un avocat pour la m\u00eame situation qui ne peuvent b\u00e9n\u00e9ficier alors de l&rsquo;acc\u00e8s \u00e0 la Clinique. Ce service est fond\u00e9 sur un entretien en pr\u00e9sentiel ; la Clinique n&rsquo;a pas vocation \u00e0 r\u00e9pondre aux demandes du public par mail, courrier ou t\u00e9l\u00e9phone.<\/p>\r\n<p>&nbsp;<\/p>\r\n\r\n\r\n\r\n\r\n\r\n<p style=\"font-size: 14px; text-align: justify;\">Cette clinique est mise en place \u00e0 titre exp\u00e9rimental et, pour la partie \u00ab\u00a0m\u00e9diation\u00a0\u00bb s&rsquo;inspire ce qui est pratiqu\u00e9 au sein des Cliniques de\u00a0<a href=\"https:\/\/www.usherbrooke.ca\/clinique-mediation\/\" target=\"_blank\" rel=\"noreferrer noopener\">Sherbrooke\u00a0<\/a>et\u00a0<a href=\"https:\/\/cliniquemediation.openum.ca\/\" target=\"_blank\" rel=\"noreferrer noopener\">Montr\u00e9al<\/a>.<\/p>\r\n","protected":false},"excerpt":{"rendered":"<p>La Clinique du droit et de m\u00e9diation a pour objectif de favoriser l&rsquo;acc\u00e8s gratuit du plus large public possible au<\/p>\n","protected":false},"author":1,"featured_media":0,"parent":0,"menu_order":0,"comment_status":"closed","ping_status":"closed","template":"","meta":{"footnotes":""},"class_list":["post-1369","page","type-page","status-publish","hentry"],"_links":{"self":[{"href":"https:\/\/processualis.com\/association-processualis\/wp-json\/wp\/v2\/pages\/1369"}],"collection":[{"href":"https:\/\/processualis.com\/association-processualis\/wp-json\/wp\/v2\/pages"}],"about":[{"href":"https:\/\/processualis.com\/association-processualis\/wp-json\/wp\/v2\/types\/page"}],"author":[{"embeddable":true,"href":"https:\/\/processualis.com\/association-processualis\/wp-json\/wp\/v2\/users\/1"}],"replies":[{"embeddable":true,"href":"https:\/\/processualis.com\/association-processualis\/wp-json\/wp\/v2\/comments?post=1369"}],"version-history":[{"count":22,"href":"https:\/\/processualis.com\/association-processualis\/wp-json\/wp\/v2\/pages\/1369\/revisions"}],"predecessor-version":[{"id":2048,"href":"https:\/\/processualis.com\/association-processualis\/wp-json\/wp\/v2\/pages\/1369\/revisions\/2048"}],"wp:attachment":[{"href":"https:\/\/processualis.com\/association-processualis\/wp-json\/wp\/v2\/media?parent=1369"}],"curies":[{"name":"wp","href":"https:\/\/api.w.org\/{rel}","templated":true}]}}