{"id":1198,"date":"2018-11-03T14:02:35","date_gmt":"2018-11-03T13:02:35","guid":{"rendered":"http:\/\/processualis.com\/association-processualis\/?page_id=1198"},"modified":"2018-11-04T17:02:44","modified_gmt":"2018-11-04T16:02:44","slug":"ceremonie-douverture-m2","status":"publish","type":"page","link":"https:\/\/processualis.com\/association-processualis\/ceremonie-douverture-m2\/","title":{"rendered":"C\u00e9r\u00e9monie d&rsquo;ouverture du Master II"},"content":{"rendered":"<p style=\"text-align: center;\">Accueil du <span style=\"text-decoration: underline;\">Public<\/span>, mais aussi des <span style=\"text-decoration: underline;\">Professionnels du Droit<\/span>, ainsi que le <span style=\"text-decoration: underline;\">nouveau Parrain de la promotion 2018-2019<\/span>\u00a0: Mr Fran\u00e7ois Cordier, Premier Avocat G\u00e9n\u00e9ral Pr\u00e8s la Chambre Criminelle de la Cour de Cassation.<\/p>\n<div id='gallery-1' class='gallery galleryid-1198 gallery-columns-2 gallery-size-medium'><figure class='gallery-item'>\n\t\t\t<div class='gallery-icon landscape'>\n\t\t\t\t<a href='https:\/\/processualis.com\/association-processualis\/ceremonie-douverture-m2\/p1120711\/'><img loading=\"lazy\" decoding=\"async\" width=\"300\" height=\"200\" src=\"https:\/\/processualis.com\/association-processualis\/wp-content\/uploads\/2018\/11\/P1120711-300x200.jpg\" class=\"attachment-medium size-medium\" alt=\"\" aria-describedby=\"gallery-1-1242\" srcset=\"https:\/\/processualis.com\/association-processualis\/wp-content\/uploads\/2018\/11\/P1120711-300x200.jpg 300w, https:\/\/processualis.com\/association-processualis\/wp-content\/uploads\/2018\/11\/P1120711-768x513.jpg 768w, https:\/\/processualis.com\/association-processualis\/wp-content\/uploads\/2018\/11\/P1120711-1024x684.jpg 1024w\" sizes=\"(max-width: 300px) 100vw, 300px\" \/><\/a>\n\t\t\t<\/div>\n\t\t\t\t<figcaption class='wp-caption-text gallery-caption' id='gallery-1-1242'>\n\t\t\t\tAccueil du Nouveau Parrain Mr Fran\u00e7ois Cordier\n\t\t\t\t<\/figcaption><\/figure><figure class='gallery-item'>\n\t\t\t<div class='gallery-icon landscape'>\n\t\t\t\t<a href='https:\/\/processualis.com\/association-processualis\/ceremonie-douverture-m2\/p1120712\/'><img loading=\"lazy\" decoding=\"async\" width=\"300\" height=\"200\" src=\"https:\/\/processualis.com\/association-processualis\/wp-content\/uploads\/2018\/11\/P1120712-300x200.jpg\" class=\"attachment-medium size-medium\" alt=\"\" aria-describedby=\"gallery-1-1243\" srcset=\"https:\/\/processualis.com\/association-processualis\/wp-content\/uploads\/2018\/11\/P1120712-300x200.jpg 300w, https:\/\/processualis.com\/association-processualis\/wp-content\/uploads\/2018\/11\/P1120712-768x513.jpg 768w, https:\/\/processualis.com\/association-processualis\/wp-content\/uploads\/2018\/11\/P1120712-1024x684.jpg 1024w\" sizes=\"(max-width: 300px) 100vw, 300px\" \/><\/a>\n\t\t\t<\/div>\n\t\t\t\t<figcaption class='wp-caption-text gallery-caption' id='gallery-1-1243'>\n\t\t\t\tRencontre entre le parrain et les \u00e9l\u00e8ves\n\t\t\t\t<\/figcaption><\/figure>\n\t\t<\/div>\n\n<p>&nbsp;<\/p>\n<p style=\"text-align: center;\">C\u00e9r\u00e9monie D&rsquo;ouverture du Master II Droit Processuel<\/p>\n<div id='gallery-2' class='gallery galleryid-1198 gallery-columns-2 gallery-size-medium'><figure class='gallery-item'>\n\t\t\t<div class='gallery-icon landscape'>\n\t\t\t\t<a href='https:\/\/processualis.com\/association-processualis\/ceremonie-douverture-m2\/p1120723\/'><img loading=\"lazy\" decoding=\"async\" width=\"300\" height=\"200\" src=\"https:\/\/processualis.com\/association-processualis\/wp-content\/uploads\/2018\/11\/P1120723-300x200.jpg\" class=\"attachment-medium size-medium\" alt=\"\" aria-describedby=\"gallery-2-1244\" srcset=\"https:\/\/processualis.com\/association-processualis\/wp-content\/uploads\/2018\/11\/P1120723-300x200.jpg 300w, https:\/\/processualis.com\/association-processualis\/wp-content\/uploads\/2018\/11\/P1120723-768x513.jpg 768w, https:\/\/processualis.com\/association-processualis\/wp-content\/uploads\/2018\/11\/P1120723-1024x684.jpg 1024w\" sizes=\"(max-width: 300px) 100vw, 300px\" \/><\/a>\n\t\t\t<\/div>\n\t\t\t\t<figcaption class='wp-caption-text gallery-caption' id='gallery-2-1244'>\n\t\t\t\tAccueil des professionnels du droit\n\t\t\t\t<\/figcaption><\/figure><figure class='gallery-item'>\n\t\t\t<div class='gallery-icon landscape'>\n\t\t\t\t<a href='https:\/\/processualis.com\/association-processualis\/ceremonie-douverture-m2\/p1120727\/'><img loading=\"lazy\" decoding=\"async\" width=\"300\" height=\"200\" src=\"https:\/\/processualis.com\/association-processualis\/wp-content\/uploads\/2018\/11\/P1120727-300x200.jpg\" class=\"attachment-medium size-medium\" alt=\"\" aria-describedby=\"gallery-2-1245\" srcset=\"https:\/\/processualis.com\/association-processualis\/wp-content\/uploads\/2018\/11\/P1120727-300x200.jpg 300w, https:\/\/processualis.com\/association-processualis\/wp-content\/uploads\/2018\/11\/P1120727-768x513.jpg 768w, https:\/\/processualis.com\/association-processualis\/wp-content\/uploads\/2018\/11\/P1120727-1024x684.jpg 1024w\" sizes=\"(max-width: 300px) 100vw, 300px\" \/><\/a>\n\t\t\t<\/div>\n\t\t\t\t<figcaption class='wp-caption-text gallery-caption' id='gallery-2-1245'>\n\t\t\t\tDiscours d&rsquo;ouverture\n\t\t\t\t<\/figcaption><\/figure><figure class='gallery-item'>\n\t\t\t<div class='gallery-icon landscape'>\n\t\t\t\t<a href='https:\/\/processualis.com\/association-processualis\/ceremonie-douverture-m2\/p1120811\/'><img loading=\"lazy\" decoding=\"async\" width=\"300\" height=\"200\" src=\"https:\/\/processualis.com\/association-processualis\/wp-content\/uploads\/2018\/11\/P1120811-300x200.jpg\" class=\"attachment-medium size-medium\" alt=\"\" aria-describedby=\"gallery-2-1246\" srcset=\"https:\/\/processualis.com\/association-processualis\/wp-content\/uploads\/2018\/11\/P1120811-300x200.jpg 300w, https:\/\/processualis.com\/association-processualis\/wp-content\/uploads\/2018\/11\/P1120811-768x513.jpg 768w, https:\/\/processualis.com\/association-processualis\/wp-content\/uploads\/2018\/11\/P1120811-1024x684.jpg 1024w\" sizes=\"(max-width: 300px) 100vw, 300px\" \/><\/a>\n\t\t\t<\/div>\n\t\t\t\t<figcaption class='wp-caption-text gallery-caption' id='gallery-2-1246'>\n\t\t\t\tDiscours de la Pr\u00e9sidente Ombeline\n\t\t\t\t<\/figcaption><\/figure><figure class='gallery-item'>\n\t\t\t<div class='gallery-icon landscape'>\n\t\t\t\t<a href='https:\/\/processualis.com\/association-processualis\/ceremonie-douverture-m2\/p1120818\/'><img loading=\"lazy\" decoding=\"async\" width=\"300\" height=\"200\" src=\"https:\/\/processualis.com\/association-processualis\/wp-content\/uploads\/2018\/11\/P1120818-e1541347159841-300x200.jpg\" class=\"attachment-medium size-medium\" alt=\"\" aria-describedby=\"gallery-2-1255\" srcset=\"https:\/\/processualis.com\/association-processualis\/wp-content\/uploads\/2018\/11\/P1120818-e1541347159841-300x200.jpg 300w, https:\/\/processualis.com\/association-processualis\/wp-content\/uploads\/2018\/11\/P1120818-e1541347159841-768x513.jpg 768w, https:\/\/processualis.com\/association-processualis\/wp-content\/uploads\/2018\/11\/P1120818-e1541347159841-1024x683.jpg 1024w\" sizes=\"(max-width: 300px) 100vw, 300px\" \/><\/a>\n\t\t\t<\/div>\n\t\t\t\t<figcaption class='wp-caption-text gallery-caption' id='gallery-2-1255'>\n\t\t\t\tRemerciement du Parrain\n\t\t\t\t<\/figcaption><\/figure>\n\t\t<\/div>\n\n<p>&nbsp;<\/p>\n<p style=\"text-align: center;\">Promotion 2018-2019<\/p>\n<p style=\"text-align: center;\">Avec les directrices<\/p>\n<p style=\"text-align: center;\"><a href=\"https:\/\/processualis.com\/association-processualis\/wp-content\/uploads\/2018\/11\/P1120836.jpg\" rel=\"lightbox[1198]\"><img loading=\"lazy\" decoding=\"async\" class=\"wp-image-1247 size-large aligncenter\" src=\"https:\/\/processualis.com\/association-processualis\/wp-content\/uploads\/2018\/11\/P1120836-684x1024.jpg\" alt=\"\" width=\"684\" height=\"1024\" srcset=\"https:\/\/processualis.com\/association-processualis\/wp-content\/uploads\/2018\/11\/P1120836-684x1024.jpg 684w, https:\/\/processualis.com\/association-processualis\/wp-content\/uploads\/2018\/11\/P1120836-200x300.jpg 200w, https:\/\/processualis.com\/association-processualis\/wp-content\/uploads\/2018\/11\/P1120836-768x1150.jpg 768w\" sizes=\"(max-width: 684px) 100vw, 684px\" \/><\/a><\/p>\n","protected":false},"excerpt":{"rendered":"<p>Accueil du Public, mais aussi des Professionnels du Droit, ainsi que le nouveau Parrain de la promotion 2018-2019\u00a0: Mr Fran\u00e7ois<\/p>\n","protected":false},"author":1,"featured_media":0,"parent":0,"menu_order":0,"comment_status":"closed","ping_status":"closed","template":"","meta":{"footnotes":""},"class_list":["post-1198","page","type-page","status-publish","hentry"],"_links":{"self":[{"href":"https:\/\/processualis.com\/association-processualis\/wp-json\/wp\/v2\/pages\/1198"}],"collection":[{"href":"https:\/\/processualis.com\/association-processualis\/wp-json\/wp\/v2\/pages"}],"about":[{"href":"https:\/\/processualis.com\/association-processualis\/wp-json\/wp\/v2\/types\/page"}],"author":[{"embeddable":true,"href":"https:\/\/processualis.com\/association-processualis\/wp-json\/wp\/v2\/users\/1"}],"replies":[{"embeddable":true,"href":"https:\/\/processualis.com\/association-processualis\/wp-json\/wp\/v2\/comments?post=1198"}],"version-history":[{"count":13,"href":"https:\/\/processualis.com\/association-processualis\/wp-json\/wp\/v2\/pages\/1198\/revisions"}],"predecessor-version":[{"id":1261,"href":"https:\/\/processualis.com\/association-processualis\/wp-json\/wp\/v2\/pages\/1198\/revisions\/1261"}],"wp:attachment":[{"href":"https:\/\/processualis.com\/association-processualis\/wp-json\/wp\/v2\/media?parent=1198"}],"curies":[{"name":"wp","href":"https:\/\/api.w.org\/{rel}","templated":true}]}}